2020 divide 403638420?
True
Is 209407667 a multiple of 7?
True
Is 2793 a factor of 116146905?
True
Does 56 divide 27311424?
True
Is 367 a factor of 10911172?
False
Does 207 divide 11371752?
True
Does 201 divide 71151990?
True
Does 1130 divide 100437790?
True
Is 350004423 a multiple of 473?
False
Does 383 divide 988491977?
True
Is 119606671 a multiple of 401?
True
Is 784422039 a multiple of 839?
False
Is 731115702 a multiple of 1435?
False
Is 45943308 a multiple of 1566?
True
Is 50525560 a multiple of 35?
False
Is 719273312 a multiple of 533?
False
Is 86 a factor of 11490333?
False
Does 12 divide 1649320092?
True
Is 1655286 a multiple of 12?
False
Is 359 a factor of 124631733?
False
Is 21412373 a multiple of 2?
False
Is 12812112 a multiple of 48?
True
Is 22 a factor of 59804118?
True
Does 115 divide 90142115?
False
Is 35 a factor of 121520983?
False
Does 134 divide 6383392?
False
Does 5962 divide 48056052?
False
Does 3345 divide 1023256623?
False
Is 5600259 a multiple of 17?
True
Is 1986 a factor of 13473024?
True
Is 1935392970 a multiple of 35?
True
Does 1027 divide 82902521?
True
Is 161 a factor of 1562938251?
True
Is 4 a factor of 5774944?
True
Is 11 a factor of 27611527?
False
Is 15 a factor of 424129609?
False
Is 246 a factor of 495263397?
False
Is 2521 a factor of 242624171?
False
Does 150 divide 21382200?
True
Does 8 divide 71946446?
False
Is 5883692209 a multiple of 9466?
False
Is 844 a factor of 25383300?
True
Is 221978601 a multiple of 81?
False
Is 5641452 a multiple of 5?
False
Is 524 a factor of 5573107?
False
Is 38333776 a multiple of 68?
True
Is 41 a factor of 14216627?
True
Does 12 divide 35594027?
False
Does 14 divide 35672294?
True
Does 409 divide 26903940?
False
Does 257 divide 151354458?
False
Does 145 divide 5465896?
False
Is 1456209 a multiple of 2?
False
Does 9 divide 68861817?
True
Is 118189440 a multiple of 71?
True
Does 1755 divide 178004360?
False
Is 1306729012 a multiple of 9?
False
Does 5322 divide 173305608?
True
Does 5 divide 782483495?
True
Is 7320665 a multiple of 52?
False
Is 1356017018 a multiple of 4?
False
Does 30 divide 39859019?
False
Is 2 a factor of 266139022?
True
Is 92 a factor of 477390066?
False
Is 148157289 a multiple of 1099?
True
Is 1039151250 a multiple of 225?
True
Does 36 divide 4505674788?
True
Is 337618425 a multiple of 25?
True
Does 6 divide 40276884?
True
Does 1030 divide 30579670?
True
Does 1444 divide 185614648?
True
Is 70731252 a multiple of 1138?
True
Does 957 divide 252793382?
False
Does 310 divide 79288390?
True
Is 36 a factor of 714111768?
True
Does 100 divide 34819015?
False
Is 330 a factor of 416800187?
False
Is 102 a factor of 64298765?
False
Is 608 a factor of 324244576?
True
Is 123 a factor of 3490228320?
True
Does 274 divide 76758595?
False
Is 368725740 a multiple of 2164?
False
Does 559 divide 4715165?
True
Is 243894450 a multiple of 10?
True
Is 40080720 a multiple of 23?
True
Is 42 a factor of 7292376?
True
Is 8 a factor of 968183304?
True
Does 46 divide 20605700?
True
Is 136 a factor of 126596603?
False
Does 128 divide 150465766?
False
Is 75947744 a multiple of 8?
True
Is 32 a factor of 417705728?
True
Does 1002 divide 558136980?
False
Does 14 divide 104452794?
False
Is 822610372 a multiple of 308?
False
Is 5360 a factor of 2115819824?
False
Is 610 a factor of 56441470?
True
Does 921 divide 10696494?
True
Is 236415513 a multiple of 18?
False
Is 55 a factor of 24109427?
False
Is 13341724 a multiple of 4?
True
Does 5 divide 42473245?
True
Does 2 divide 11750125?
False
Is 1964 a factor of 601147012?
True
Is 749468719 a multiple of 114?
False
Is 7 a factor of 361998?
True
Is 91 a factor of 1362614540?
False
Is 59509260 a multiple of 180?
True
Does 17 divide 463056380?
False
Is 2310 a factor of 148858911?
False
Does 38 divide 393718212?
False
Is 51609523 a multiple of 743?
True
Does 6 divide 28632893?
False
Does 198 divide 2371791515?
False
Is 10 a factor of 23288410?
True
Does 69 divide 4292420?
False
Is 8 a factor of 29921368?
True
Is 1017584425 a multiple of 5275?
True
Is 1255937072 a multiple of 2558?
True
Does 4 divide 68197484?
True
Is 126 a factor of 1120949?
False
Is 137869317 a multiple of 396?
False
Does 940 divide 1029087560?
True
Is 1446 a factor of 46423830?
True
Is 2307 a factor of 6084910902?
True
Does 150 divide 50224350?
True
Is 236 a factor of 18061902?
False
Is 3631 a factor of 2065530660?
True
Is 34 a factor of 3064688?
False
Does 5787 divide 975879171?
True
Does 2557 divide 1507425653?
True
Is 503 a factor of 18612838?
False
Is 3 a factor of 174063286?
False
Is 1536567591 a multiple of 188?
False
Does 2213 divide 61877693?
True
Is 113535860 a multiple of 68?
True
Is 9661164 a multiple of 4?
True
Does 4 divide 118765473?
False
Does 44 divide 1064332949?
False
Is 203448617 a multiple of 27?
False
Is 66 a factor of 71433912?
True
Is 12 a factor of 1268027?
False
Is 509960906 a multiple of 91?
True
Does 2788 divide 715180548?
True
Is 16 a factor of 197163328?
True
Is 128113241 a multiple of 1311?
False
Is 51 a factor of 14372514?
True
Is 2345 a factor of 130609465?
True
Is 926678443 a multiple of 31?
True
Does 1378 divide 158611793?
False
Is 4 a factor of 98873803?
False
Is 201 a factor of 38728469?
False
Does 3 divide 71427778?
False
Is 378 a factor of 1307812292?
False
Is 613 a factor of 21665872?
True
Is 50388570 a multiple of 1185?
True
Is 95 a factor of 1191989320?
True
Is 7 a factor of 11623087?
True
Does 53 divide 154011146?
False
Is 82737783 a multiple of 29?
True
Is 21702940 a multiple of 243?
False
Is 67992952 a multiple of 1839?
False
Does 1545 divide 1317401415?
True
Is 274 a factor of 1850295034?
False
Is 1631275818 a multiple of 19?
True
Does 22 divide 56342958?
False
Is 1905 a factor of 99384014?
False
Does 6 divide 7812882?
True
Is 17 a factor of 2583996141?
True
Does 17 divide 29800378?
False
Is 26 a factor of 33202052?
True
Is 369581078 a multiple of 185?
False
Is 145 a factor of 89485445?
True
Is 919810 a multiple of 59?
True
Does 46 divide 58579804?
True
Is 117 a factor of 22834814?
False
Is 63650354 a multiple of 13?
False
Does 4140 divide 109002060?
True
Is 2261033696 a multiple of 718?
True
Does 28 divide 1072107036?
True
Is 4 a factor of 45108154?
False
Does 2971 divide 759245743?
False
Is 2 a factor of 40686037?
False
Is 76891566 a multiple of 1199?
False
Does 97 divide 56616598?
False
Is 267 a factor of 25669647?
True
Does 228 divide 171091200?
True
Does 60 divide 77728680?
True
Is 34 a factor of 31738632?
False
Is 60057516 a multiple of 600?
False
Does 39 divide 256826583?
True
Is 17190721 a multiple of 16?
False
Is 378947279 a multiple of 227?
False
Does 42 divide 32136701?
False
Does 3211 divide 353454036?
True
Does 2979 divide 900885348?
True
Is 1456 a factor of 44493843?
False
Is 348 a factor of 604588404?
True
Is 564727448 a multiple of 119?
False
Is 29302632 a multiple of 18?
True
Is 128 a factor of 224223603?
False
Does 12 divide 9513444?
True
Is 136 a factor of 824324832?
True
Does 4 divide 48757664?
True
Is 801500633 a multiple of 46?
False
Is 22 a factor of 132141730?
False
Is 7 a factor of 260837451?
True
Does 45 divide 243321721?
False
Is 16 a factor of 50381206?
False
Does 53 divide 8715582?
False
Does 32 divide 47968704?
True
Is 842644 a multiple of 484?
True
Does 1872 divide 22733755?
False
Is 7 a factor of 1250883310?
False
Does 521 divide 229402241?
False
Does 12 divide 2407500?
True
Is 73 a factor of 497008017?
True
Does 118 divide 5034868?
False
Is 560718 a multiple of 9?
True
Does 27 divide 53980669?
False
Is 89 a factor of 17259503?
True
Does 168 divide 38447842?
False
Does 1006 divide 695906811?
False
Is 607 a factor of 1777864152?
True
Is 86192002 a multiple of 2894?
True
Does 1329 divide 13727241?
True
Is 2833 a factor of 423980564?
False
Is 44 a factor of 331579160?
True
Is 79 a factor of 240534616?
False
Does 17 divide 140779902?
False
Is 528 a factor of 3708845184?
True
Is 457925451 a multiple of 34?
False
Is 1294028532 a multiple of 523?
False
Is 256 a factor of 1712831549?
False
Does 49 divide 4911156?
False
Is 5 a factor of 9243600?
True
Is 57371670 a multiple of 14?
False
Is 17 a factor of 49574964?
False
Is 142896876 a multiple of 89?
False
Is 86 a factor of 180960942?
True
Is 55413953 a multiple of 3